ands digit of 87245053?
5
What is the millions digit of 61006915?
1
What is the hundred thousands digit of 3487212782?
2
What is the units digit of 80287574?
4
What is the tens digit of 1765087898?
9
What is the millions digit of 36407585?
6
What is the ten millions digit of 2240230815?
4
What is the thousands digit of 341064345?
4
What is the units digit of 1256212306?
6
What is the ten thousands digit of 71046587?
4
What is the units digit of 266481127?
7
What is the ten thousands digit of 18920125?
2
What is the tens digit of 37536556?
5
What is the ten thousands digit of 378586348?
8
What is the ten millions digit of 1581093713?
8
What is the thousands digit of 1328739403?
9
What is the millions digit of 409495518?
9
What is the units digit of 30314272?
2
What is the tens digit of 60772683?
8
What is the hundred millions digit of 1905719648?
9
What is the thousands digit of 29734913?
4
What is the thousands digit of 590060709?
0
What is the ten millions digit of 61370121?
6
What is the tens digit of 1343867449?
4
What is the hundreds digit of 61315288?
2
What is the units digit of 14674832?
2
What is the ten thousands digit of 153119914?
1
What is the ten millions digit of 476483021?
7
What is the hundreds digit of 771792972?
9
What is the units digit of 125829259?
9
What is the ten thousands digit of 683772511?
7
What is the hundred thousands digit of 1262336247?
3
What is the hundred millions digit of 6065469036?
0
What is the hundred millions digit of 240937488?
2
What is the hundreds digit of 24952400?
4
What is the units digit of 436771877?
7
What is the millions digit of 614483761?
4
What is the units digit of 43971131?
1
What is the units digit of 266044929?
9
What is the hundred thousands digit of 55704115?
7
What is the millions digit of 58299228?
8
What is the hundred thousands digit of 72006916?
0
What is the hundreds digit of 68185247?
2
What is the units digit of 43508638?
8
What is the units digit of 4245471784?
4
What is the millions digit of 576973871?
6
What is the thousands digit of 2964426034?
6
What is the billions digit of 4037650344?
4
What is the tens digit of 34196484?
8
What is the hundred millions digit of 2225570882?
2
What is the thousands digit of 143114520?
4
What is the hundred thousands digit of 3195924109?
9
What is the millions digit of 149342511?
9
What is the ten millions digit of 2164529156?
6
What is the units digit of 518228390?
0
What is the hundred thousands digit of 48524292?
5
What is the ten millions digit of 522665487?
2
What is the hundreds digit of 2451492769?
7
What is the hundreds digit of 322729645?
6
What is the millions digit of 5126066430?
6
What is the units digit of 20676575?
5
What is the hundred thousands digit of 9276810?
2
What is the ten millions digit of 387461919?
8
What is the ten thousands digit of 4666789051?
8
What is the units digit of 56483409?
9
What is the thousands digit of 65997598?
7
What is the hundred thousands digit of 534785428?
7
What is the ten thousands digit of 166046187?
4
What is the units digit of 32542276?
6
What is the ten millions digit of 76994324?
7
What is the hundreds digit of 2809296967?
9
What is the hundreds digit of 50865929?
9
What is the hundreds digit of 21979844?
8
What is the hundred millions digit of 550310543?
5
What is the units digit of 3822910553?
3
What is the thousands digit of 3003404466?
4
What is the hundred thousands digit of 4325220?
3
What is the tens digit of 250455370?
7
What is the units digit of 20617727?
7
What is the ten thousands digit of 300701824?
0
What is the tens digit of 13107615?
1
What is the ten millions digit of 601877836?
0
What is the tens digit of 325248785?
8
What is the units digit of 1473935?
5
What is the hundred millions digit of 600841731?
6
What is the millions digit of 178013701?
8
What is the ten thousands digit of 71020618?
2
What is the thousands digit of 148233041?
3
What is the tens digit of 3892189446?
4
What is the ten thousands digit of 2405838905?
3
What is the hundred millions digit of 3911544681?
9
What is the ten thousands digit of 515368580?
6
What is the hundred millions digit of 3666986735?
6
What is the millions digit of 22748459?
2
What is the units digit of 211093101?
1
What is the tens digit of 323441794?
9
What is the thousands digit of 224819031?
9
What is the ten millions digit of 196353301?
9
What is the thousands digit of 72725237?
5
What is the ten millions digit of 71871530?
7
What is the hundred thousands digit of 99375127?
3
What is the units digit of 176712751?
1
What is the thousands digit of 457410238?
0
What is the hundred millions digit of 899330942?
8
What is the hundreds digit of 692458749?
7
What is the hundred thousands digit of 86836550?
8
What is the hundreds digit of 404169921?
9
What is the ten millions digit of 1898952037?
9
What is the ten thousands digit of 58664989?
6
What is the hundreds digit of 1704497591?
5
What is the ten thousands digit of 23200385?
0
What is the millions digit of 38695634?
8
What is the ten millions digit of 326974660?
2
What is the ten thousands digit of 332179422?
7
What is the billions digit of 6688287254?
6
What is the millions digit of 99860185?
9
What is the hundred thousands digit of 581678184?
6
What is the hundred millions digit of 687727662?
6
What is the thousands digit of 61134412?
4
What is the tens digit of 112269284?
8
What is the hundred thousands digit of 1237812586?
8
What is the hundred thousands digit of 5110161733?
1
What is the thousands digit of 63369224?
9
What is the hundred thousands digit of 7131016?
1
What is the ten thousands digit of 15663728?
6
What is the thousands digit of 30783861?
3
What is the ten millions digit of 88192782?
8
What is the billions digit of 4009594378?
4
What is the tens digit of 370703600?
0
What is the billions digit of 4623939155?
4
What is the hundred millions digit of 195252880?
1
What is the hundreds digit of 363895192?
1
What is the hundred thousands digit of 135450925?
4
What is the hundreds digit of 147398907?
9
What is the ten thousands digit of 5582261567?
6
What is the units digit of 615235466?
6
What is the hundreds digit of 1620265?
2
What is the units digit of 3226483777?
7
What is the hundred millions digit of 1215670881?
2
What is the hundred millions digit of 1368041053?
3
What is the millions digit of 66231785?
6
What is the hundreds digit of 252028223?
2
What is the hundred thousands digit of 292691714?
6
What is the ten millions digit of 124038170?
2
What is the hundred thousands digit of 8697030162?
0
What is the ten millions digit of 400552337?
0
What is the ten thousands digit of 144909690?
0
What is the thousands digit of 959543808?
3
What is the hundred millions digit of 891353090?
8
What is the thousands digit of 764444240?
4
What is the hundred thousands digit of 102214557?
2
What is the hundreds digit of 13877000?
0
What is the hundreds digit of 27234739?
7
What is the ten thousands digit of 4637374160?
7
What is the millions digit of 379255004?
9
What is the tens digit of 7336198?
9
What is the units digit of 33582794?
4
What is the ten thousands digit of 1908877450?
7
What is the hundred millions digit of 8959671476?
9
What is the ten millions digit of 158078606?
5
What is the hundred thousands digit of 87770538?
7
What is the thousands digit of 53417560?
7
What is the millions digit of 284515922?
4
What is the tens digit of 76517895?
9
What is the thousands digit of 187464010?
4
What is the tens digit of 2260383257?
5
What is the ten thousands digit of 22185766?
8
What is the millions digit of 57189003?
7
What is the millions digit of 2186414179?
6
What is the tens digit of 160232153?
5
What is the tens digit of 5928616?
1
What is the tens digit of 12011973?
7
What is the units digit of 2120256033?
3
What is the hundreds digit of 16831619?
6
What is the thousands digit of 47911472?
1
What is the thousands digit of 1656455174?
5
What is the hundred millions digit of 311043374?
3
What is the billions digit of 3453427541?
3
What is the hundreds digit of 3751724794?
7
What is the tens digit of 7546214314?
1
What is the hundreds digit of 1323308717?
7
What is the ten millions digit of 63910769?
6
What is the tens digit of 966776517?
1
What is the hund